eatest common factor of 12 and o.
12
Let f be (-5 - -1) + (-2656)/(-8). Suppose -5*o + f = 108. Calculate the greatest common factor of 4 and o.
4
Suppose -196 = -8*b + 60. Calculate the highest common factor of b and 416.
32
Let p = 1300 - 1261. Let g(j) = -j**3 - 2*j**2 + j - 3. Let t be g(-3). Calculate the greatest common divisor of p and t.
3
Let b = 277 + -267. Calculate the highest common factor of 10 and b.
10
Suppose 44 = -2*c - 4*i, 5*c = c - 3*i - 83. Let q be (-2)/(-10) + (-216)/c. Let u = 1146 + -1113. Calculate the highest common divisor of u and q.
11
Let m be (-20)/9 + 2 + 1210/99. Let w(b) = -b**2 + 11*b + 18. Let g be w(6). What is the greatest common factor of m and g?
12
Let w(d) = 71*d - 36. Let t be w(4). What is the highest common divisor of t and 62?
62
Let x(m) = -m**2 + 20*m - 40. Let h be x(4). Calculate the greatest common factor of 48 and h.
24
Suppose 3*i + 4*l = 39, 4*l - 52 = -4*i + 2*l. What is the highest common factor of 52 and i?
13
Let x be 28179/217 + 2/14. What is the highest common factor of 10 and x?
10
Let o = -29 - -7. Let v be (332/7)/2 + o/(-77). Calculate the highest common divisor of v and 12.
12
Let c = 288 - 64. Calculate the highest common factor of 728 and c.
56
Let o(s) = 4*s + 3. Let p = 11 - 2. Let u be o(p). Calculate the greatest common factor of u and 39.
39
Let i(y) = -50*y - 4. Let l be 3/(-2) + 2/(-4). Let x be i(l). Suppose -6*f + 24 = -4*f. What is the greatest common divisor of x and f?
12
Let w = -47 + 84. Suppose -5 = -3*b + w. Let h = b + -4. What is the greatest common factor of 110 and h?
10
Suppose -k = h - 14, 3*k - 9 = h - 3. Calculate the greatest common divisor of 828 and h.
9
Let r(m) = -13 - 10 + 5 + 8*m - 2*m. Let v be r(6). Calculate the highest common divisor of v and 2.
2
Suppose -z = 10 - 69. Suppose z*r - 54*r - 210 = 0. What is the greatest common factor of 112 and r?
14
Let d(r) = 34*r - r**3 + 39*r - 74*r + 8 + 6*r**2. Let n be d(6). Let w be 4 + (0 - (-2)/n). Calculate the highest common divisor of 35 and w.
5
Suppose 3*d - 1 - 14 = 0. Let w be 261 - -6 - 6/2. Let o be (d + -4)/(2/w). Calculate the greatest common divisor of 12 and o.
12
Suppose -o + 2*o = 38. Let u(m) = -27 + 2 + 8 - 14*m. Let j be u(-8). What is the highest common divisor of o and j?
19
Let k be 3168/(-63) + (0 - (-4)/14). Let u = 203 + k. What is the highest common divisor of u and 9?
9
Let s = -45 - -50. Suppose 0 = s*a - a - 84. Suppose 4*v + 42 = 5*j - 176, 0 = -5*j - 4*v + 202. What is the greatest common divisor of j and a?
21
Suppose -2*r = -4*c - 202, 3*r - 5*c = r + 205. Let m = 16 - 10. Let s be (-2)/3 + 118/m. What is the highest common factor of s and r?
19
Suppose 0 = -7*w - 97 + 321. Calculate the greatest common factor of 36 and w.
4
Let f = 11 + -6. Let q = -15 + 17. Suppose -4 = u - q*n, 2*n = f*u - 7 - 5. Calculate the greatest common factor of 28 and u.
4
Suppose 8 = -4*a, -2*a = 2*x + a. Let f be 43/4 - 1/(-4). Let b = 23 - f. Calculate the greatest common factor of b and x.
3
Let u = 554 - 179. Suppose 4*v = 5*w - 0*w - 375, 4*v = -5*w + u. What is the greatest common divisor of 15 and w?
15
Suppose 74 + 1 = -5*y. Let i be (-6)/y + (-453)/(-5). What is the greatest common factor of i and 13?
13
Let h be (1 - 2)*(-1 - 0). Suppose x + 2 = 2*s - 6*s, 3*x - s = -6. Let f be -2*x/2 - (-26 - -17). Calculate the highest common factor of f and h.
1
Suppose -300 = -4*h - 4*x, h = -2*h + 3*x + 255. Let b be h/(-12)*288/(-20). What is the greatest common divisor of 24 and b?
24
Let x = -24 - -20. Let r be 2 - (x - -8) - -15. Calculate the highest common factor of r and 39.
13
Suppose -4*a + 5*d + 11 + 14 = 0, a = -4*d + 1. Let j be (a + 0)/((-58)/(-14) - 4). What is the greatest common factor of 5 and j?
5
Suppose 0 = -2*a + 4 + 20. Let j be (15 + -10)/(1 + 0). Suppose -u + 2*x + 32 = -2*x, j*u - 2*x = 124. What is the highest common factor of u and a?
12
Let m(v) = -v**2 - 4*v. Let j be m(-3). Let t = -212 + 217. Suppose j*a + 15 = n, -50 - 61 = -4*n - t*a. What is the highest common divisor of n and 12?
12
Let j be -1 - 4/(-2) - -8. Let u be 4 - 0/((-8)/2). Suppose 0 = 2*a - d - 194, 2*a + u*d = -2*a + 412. What is the highest common factor of a and j?
9
Suppose 0 = -2*g - g - r + 10, 0 = -g + 3*r - 10. Let f be -8*(g - 2 - 12 - 2). What is the highest common divisor of 14 and f?
14
Suppose -128 = -339*i + 335*i. Calculate the highest common divisor of 9 and i.
1
Let w = -13 - 0. Let c = -11 - w. Suppose u - 12 = -c*u. What is the highest common factor of 16 and u?
4
Suppose -516 = -3*s + 1200. Suppose 5*t = t + s. Calculate the greatest common divisor of 13 and t.
13
Let q(w) = -w**2 - 6*w + 7. Let b be q(-7). Suppose -4*h + 12 = b, 3*f - 4*f + 204 = 3*h. Let l be f/6*16/20. Calculate the highest common divisor of 78 and l.
26
Suppose 5*q - q - 3*j - 440 = 0, q + j = 103. Let v be (-3 + (-2)/(-6))*(2 - q). Calculate the greatest common factor of v and 35.
35
Let f(v) = -v - 8. Let d be f(-19). Let i = d - 10. Calculate the highest common divisor of 9 and i.
1
Let y be 0 + 8 + (4 - 7). Suppose 3 = y*t - 2. Let c be -2 - (-11 - (t + 2)). What is the greatest common factor of c and 36?
12
Suppose w + 5 = -5*q, -4*w - 2*q = -9*w + 2. Let l(x) = -3*x**2 + 3*x + 52. Let z be l(w). Calculate the highest common divisor of 13 and z.
13
Let h = 12 - 8. Suppose -2*o - 5*m + 142 = 0, -h*o = 3*m - 4*m - 328. Calculate the highest common factor of 54 and o.
27
Suppose 2*t - 4 = 4*q + 4*t, -3*q - 21 = -3*t. Let g be 4/q*3 + 13. Let v = 39 + g. What is the greatest common divisor of v and 32?
16
Let n(l) = -29*l**2 + 3*l - 7. Let x be n(5). Let r = 1102 + x. Suppose -4*y = y - r. What is the greatest common factor of 11 and y?
11
Let q be (110/(-15))/((-98)/21 - -4). Calculate the greatest common divisor of q and 2673.
11
Let w be -1 - 1 - (0 + (-47 - -1)). Let s = 155 - w. Calculate the greatest common factor of s and 37.
37
Let t(h) = 13*h - 421. Let y be t(35). What is the highest common divisor of y and 85?
17
Suppose 0 = 38*a - 12*a - 4186. Suppose -33 = -3*w + 4*s + 52, 0 = -4*w - s + 88. What is the greatest common factor of a and w?
23
Let u(v) = v**2 + 16*v - 28. Let y be u(2). Calculate the greatest common factor of 14 and y.
2
Let i = 208 - -551. Suppose 6*z = 585 + i. Calculate the greatest common divisor of 28 and z.
28
Let u be (16/(-12))/2 + (-17)/(-3). Let g(j) = -j**3 + j**2 + j. Let f be g(-1). What is the greatest common divisor of u and f?
1
Suppose -6*i - 111 + 621 = 0. Let g = i - 68. What is the highest common divisor of g and 255?
17
Let t(c) = 5 + 4*c + 0*c + 6*c**2 + 0*c + 10*c**3 - 9*c**3. Let g be t(-5). Suppose w + 0*w = g. What is the highest common divisor of w and 10?
10
Suppose 208 = -0*z - 4*z. Let j = -31 - z. Calculate the highest common factor of 7 and j.
7
Let o(i) = 4*i + 70. Let a be o(-18). Let g be (-1174)/(-26) + a/13 - 1. What is the highest common divisor of g and 132?
44
Let w = 5 + -1. Let d be ((-14)/w)/7*190. Let v = d + 146. Calculate the greatest common divisor of v and 34.
17
Let q be (-1)/(-6) + 1521/(-54). Let z be (-4)/(-14) - 216/q. What is the highest common factor of z and 80?
8
Let c(q) = q - 3. Let o(n) = -n + 19. Let f be o(11). Let y be c(f). Let z = 7 - -18. What is the highest common factor of z and y?
5
Let p = 38 - 53. Let j(o) = -o**2 + 5*o + 3. Let l be j(6). Let a be ((-108)/p)/(l/(-10)). What is the greatest common factor of 60 and a?
12
Let p(n) = 2*n**2 - 13*n + 15. Let l be p(7). What is the greatest common factor of 99 and l?
11
Suppose 2*w = 5*q - 3, 2*q - 4*q + 12 = w. Suppose -475 - 125 = -10*c. Let g = c - 54. What is the highest common divisor of w and g?
6
Let t be (-1)/((-12)/(-14) + -1). Suppose t*r - 24 = 4*r. Let w = r - 1. What is the highest common factor of 77 and w?
7
Let v(z) = -z**2 - 7*z + 11. Let b be v(-8). Suppose -5*d = -6*d + b. Let i be (d/(-2))/(2/(-44)). What is the greatest common factor of i and 3?
3
Let r(g) = 203*g**2 - 203*g**2 + 13 + g**3 + g. Let c be r(0). What is the highest common factor of 143 and c?
13
Let m(x) be the third derivative of -7*x**4/24 + 37*x**3/6 - 24*x**2. Let u be m(-12). What is the highest common factor of u and 11?
11
Suppose -194 = -4*g + 226. What is the great